{"id":13,"date":"2024-01-13T14:47:45","date_gmt":"2024-01-13T13:47:45","guid":{"rendered":"https:\/\/fandefil.ch\/?page_id=13"},"modified":"2024-01-13T14:47:47","modified_gmt":"2024-01-13T13:47:47","slug":"bienvenue-chez-fandefil","status":"publish","type":"page","link":"https:\/\/fandefil.ch\/?page_id=13","title":{"rendered":"Bienvenue chez Fandefil"},"content":{"rendered":"\n<p class=\"has-black-color has-text-color has-medium-font-size\">Passionn\u00e9e par les travaux \u00e0 l&#8217;aiguille depuis ma plus tendre enfance, je consacre la majorit\u00e9 de mon temps libre \u00e0 diff\u00e9rentes activit\u00e9s cr\u00e9atrices telles couture, tricot, patchwork, broderie machine.<\/p>\n\n\n\n<p>Je propose mes cr\u00e9ations dans les march\u00e9s des environs. Il m&#8217;arrive aussi de travailler sur commande.<\/p>\n\n\n\n<p><\/p>\n\n\n\n<p class=\"has-black-color has-text-color has-medium-font-size\">Ce site a pour but de pr\u00e9senter mes cr\u00e9ations. Il est en construction, merci de votre compr\u00e9hension et de votre patience (je ne suis pas une pro des nouvelles technologies !)<\/p>\n\n\n<div class=\"wp-block-image\">\n<figure class=\"aligncenter size-large is-resized\"><img loading=\"lazy\" decoding=\"async\" width=\"823\" height=\"1024\" src=\"http:\/\/fandefil.ch\/wp-content\/uploads\/2023\/09\/20211119_193936-scaled-e1695054984924-823x1024.jpg\" alt=\"\" class=\"wp-image-15\" style=\"width:497px;height:607px\" srcset=\"https:\/\/fandefil.ch\/wp-content\/uploads\/2023\/09\/20211119_193936-scaled-e1695054984924-823x1024.jpg 823w, https:\/\/fandefil.ch\/wp-content\/uploads\/2023\/09\/20211119_193936-scaled-e1695054984924-241x300.jpg 241w, https:\/\/fandefil.ch\/wp-content\/uploads\/2023\/09\/20211119_193936-scaled-e1695054984924-768x956.jpg 768w, https:\/\/fandefil.ch\/wp-content\/uploads\/2023\/09\/20211119_193936-scaled-e1695054984924-1234x1536.jpg 1234w, https:\/\/fandefil.ch\/wp-content\/uploads\/2023\/09\/20211119_193936-scaled-e1695054984924-1646x2048.jpg 1646w, https:\/\/fandefil.ch\/wp-content\/uploads\/2023\/09\/20211119_193936-scaled-e1695054984924-850x1058.jpg 850w, https:\/\/fandefil.ch\/wp-content\/uploads\/2023\/09\/20211119_193936-scaled-e1695054984924.jpg 1920w\" sizes=\"(max-width: 823px) 100vw, 823px\" \/><\/figure><\/div>","protected":false},"excerpt":{"rendered":"<p>Passionn\u00e9e par les travaux \u00e0 l&#8217;aiguille depuis ma plus tendre enfance, je consacre la majorit\u00e9 de mon temps libre \u00e0 diff\u00e9rentes activit\u00e9s cr\u00e9atrices&hellip;<\/p>\n","protected":false},"author":2,"featured_media":15,"parent":0,"menu_order":0,"comment_status":"closed","ping_status":"closed","template":"","meta":{"footnotes":""},"_links":{"self":[{"href":"https:\/\/fandefil.ch\/index.php?rest_route=\/wp\/v2\/pages\/13"}],"collection":[{"href":"https:\/\/fandefil.ch\/index.php?rest_route=\/wp\/v2\/pages"}],"about":[{"href":"https:\/\/fandefil.ch\/index.php?rest_route=\/wp\/v2\/types\/page"}],"author":[{"embeddable":true,"href":"https:\/\/fandefil.ch\/index.php?rest_route=\/wp\/v2\/users\/2"}],"replies":[{"embeddable":true,"href":"https:\/\/fandefil.ch\/index.php?rest_route=%2Fwp%2Fv2%2Fcomments&post=13"}],"version-history":[{"count":4,"href":"https:\/\/fandefil.ch\/index.php?rest_route=\/wp\/v2\/pages\/13\/revisions"}],"predecessor-version":[{"id":24,"href":"https:\/\/fandefil.ch\/index.php?rest_route=\/wp\/v2\/pages\/13\/revisions\/24"}],"wp:featuredmedia":[{"embeddable":true,"href":"https:\/\/fandefil.ch\/index.php?rest_route=\/wp\/v2\/media\/15"}],"wp:attachment":[{"href":"https:\/\/fandefil.ch\/index.php?rest_route=%2Fwp%2Fv2%2Fmedia&parent=13"}],"curies":[{"name":"wp","href":"https:\/\/api.w.org\/{rel}","templated":true}]}}